943775?
4
What is the thousands digit of 796213340?
3
What is the ten thousands digit of 24528560?
2
What is the ten thousands digit of 162586219?
8
What is the hundred thousands digit of 10051544?
0
What is the units digit of 29152230?
0
What is the tens digit of 2370970122?
2
What is the tens digit of 323071699?
9
What is the ten millions digit of 20620582?
2
What is the hundreds digit of 169637991?
9
What is the ten millions digit of 77751440?
7
What is the units digit of 3400644659?
9
What is the hundred thousands digit of 6122591832?
5
What is the thousands digit of 30790504?
0
What is the hundred thousands digit of 331553263?
5
What is the hundreds digit of 1091879864?
8
What is the billions digit of 1190003417?
1
What is the units digit of 853066921?
1
What is the units digit of 43421436?
6
What is the tens digit of 180305218?
1
What is the hundred thousands digit of 450621882?
6
What is the ten millions digit of 42271106?
4
What is the thousands digit of 22425115?
5
What is the hundreds digit of 1426951591?
5
What is the thousands digit of 779312033?
2
What is the ten thousands digit of 571393654?
9
What is the thousands digit of 87620311?
0
What is the ten thousands digit of 18050402?
5
What is the ten thousands digit of 7118138055?
3
What is the ten millions digit of 39733367?
3
What is the billions digit of 1059958994?
1
What is the hundred millions digit of 106685535?
1
What is the ten millions digit of 688123805?
8
What is the tens digit of 5720490997?
9
What is the ten thousands digit of 13269490?
6
What is the units digit of 1792338518?
8
What is the ten thousands digit of 307273830?
7
What is the hundreds digit of 273351648?
6
What is the billions digit of 4030020539?
4
What is the hundreds digit of 3137723413?
4
What is the millions digit of 1363756508?
3
What is the tens digit of 16387410?
1
What is the ten millions digit of 351688070?
5
What is the millions digit of 116893317?
6
What is the thousands digit of 348901668?
1
What is the ten millions digit of 2422348396?
2
What is the hundreds digit of 4111485528?
5
What is the ten millions digit of 795774931?
9
What is the thousands digit of 63809205?
9
What is the tens digit of 104576676?
7
What is the ten millions digit of 101868994?
0
What is the millions digit of 2818709525?
8
What is the ten millions digit of 451338701?
5
What is the ten thousands digit of 284582601?
8
What is the thousands digit of 1106778114?
8
What is the ten millions digit of 31117805?
3
What is the ten thousands digit of 20812472?
1
What is the hundred millions digit of 524975840?
5
What is the hundred thousands digit of 4159097?
1
What is the millions digit of 1530105623?
0
What is the hundred thousands digit of 31661636?
6
What is the hundred thousands digit of 44194792?
1
What is the thousands digit of 911332985?
2
What is the ten millions digit of 44644686?
4
What is the hundred thousands digit of 1591580154?
5
What is the billions digit of 7528858255?
7
What is the thousands digit of 34377678?
7
What is the hundred thousands digit of 3199519124?
5
What is the tens digit of 2783541715?
1
What is the millions digit of 4420352142?
0
What is the tens digit of 6026782180?
8
What is the ten thousands digit of 1754145015?
4
What is the hundred thousands digit of 186991014?
9
What is the millions digit of 1186530678?
6
What is the thousands digit of 196792602?
2
What is the hundred millions digit of 1191556899?
1
What is the ten millions digit of 27254337?
2
What is the millions digit of 29421718?
9
What is the millions digit of 1585332324?
5
What is the hundred thousands digit of 5006987166?
9
What is the hundred thousands digit of 175801984?
8
What is the tens digit of 53624095?
9
What is the billions digit of 1444091157?
1
What is the thousands digit of 57757673?
7
What is the hundred millions digit of 1927934318?
9
What is the hundred millions digit of 687418380?
6
What is the billions digit of 2741063310?
2
What is the ten thousands digit of 1136973508?
7
What is the thousands digit of 257389074?
9
What is the thousands digit of 153019281?
9
What is the hundred millions digit of 2478267000?
4
What is the ten millions digit of 15894150?
1
What is the millions digit of 9385608161?
5
What is the ten millions digit of 1604346833?
0
What is the hundreds digit of 1846005473?
4
What is the units digit of 260938517?
7
What is the ten thousands digit of 631242986?
4
What is the hundred millions digit of 296094582?
2
What is the millions digit of 100893024?
0
What is the tens digit of 116223516?
1
What is the units digit of 31950310?
0
What is the hundred thousands digit of 3166344690?
3
What is the tens digit of 412855460?
6
What is the ten millions digit of 702346722?
0
What is the tens digit of 264943375?
7
What is the units digit of 420100667?
7
What is the tens digit of 135306850?
5
What is the billions digit of 5724430922?
5
What is the tens digit of 75496547?
4
What is the billions digit of 1188296040?
1
What is the thousands digit of 248027708?
7
What is the units digit of 899742832?
2
What is the ten millions digit of 278004253?
7
What is the ten millions digit of 24400547?
2
What is the millions digit of 223757198?
3
What is the hundred thousands digit of 1174576615?
5
What is the hundred thousands digit of 467176323?
1
What is the millions digit of 21001933?
1
What is the units digit of 75773765?
5
What is the thousands digit of 52595682?
5
What is the ten millions digit of 3000077299?
0
What is the hundred thousands digit of 79547450?
5
What is the ten thousands digit of 10392629?
9
What is the hundreds digit of 5060986822?
8
What is the ten millions digit of 621997862?
2
What is the ten millions digit of 3718792192?
1
What is the units digit of 1441116656?
6
What is the hundreds digit of 456150502?
5
What is the hundred thousands digit of 64537585?
5
What is the hundred millions digit of 3259624215?
2
What is the hundreds digit of 242940976?
9
What is the ten thousands digit of 51486549?
8
What is the hundred millions digit of 1716807458?
7
What is the thousands digit of 27058354?
8
What is the hundreds digit of 293937369?
3
What is the hundreds digit of 176534639?
6
What is the units digit of 1384552337?
7
What is the ten millions digit of 42409647?
4
What is the billions digit of 1857808595?
1
What is the hundreds digit of 90498344?
3
What is the ten millions digit of 44384061?
4
What is the ten thousands digit of 46525036?
2
What is the ten millions digit of 1460515670?
6
What is the ten millions digit of 32915915?
3
What is the ten millions digit of 3663095151?
6
What is the ten millions digit of 65172187?
6
What is the tens digit of 4152230954?
5
What is the hundreds digit of 1042585236?
2
What is the hundreds digit of 37243565?
5
What is the ten thousands digit of 447692106?
9
What is the hundred thousands digit of 1173072680?
0
What is the ten thousands digit of 997898134?
9
What is the hundred thousands digit of 103128083?
1
What is the tens digit of 1361816985?
8
What is the ten thousands digit of 117129898?
2
What is the hundred millions digit of 1954844924?
9
What is the ten thousands digit of 1846316616?
1
What is the hundreds digit of 297420190?
1
What is the units digit of 144989399?
9
What is the tens digit of 40935820?
2
What is the ten millions digit of 47499993?
4
What is the hundreds digit of 2725088297?
2
What is the hundred thousands digit of 9002778?
0
What is the millions digit of 225471225?
5
What is the hundreds digit of 426433259?
2
What is the ten thousands digit of 41196397?
9
What is the thousands digit of 18382278?
2
What is the millions digit of 75408507?
5
What is the tens digit of 1616178393?
9
What is the tens digit of 170620722?
2
What is the hundreds digit of 36100451?
4
What is the billions digit of 3509110210?
3
What is the units digit of 226907901?
1
What is the tens digit of 999147542?
4
What is the millions digit of 27414720?
7
What is the hundred millions digit of 329942676?
3
What is the hundreds digit of 392903489?
4
What is the tens digit of 3822067370?
7
What is the thousands digit of 2991198753?
8
What is the hundreds digit of 187937436?
4
What is the units digit of 12345770?
0
What is the millions digit of 560883383?
0
What is the hundreds digi